{"id":51,"date":"2017-03-16T03:38:49","date_gmt":"2017-03-16T03:38:49","guid":{"rendered":"http:\/\/smartdata.tonytemplates.com\/computer-repair\/?page_id=51"},"modified":"2018-08-17T07:31:34","modified_gmt":"2018-08-17T06:31:34","slug":"uslugi","status":"publish","type":"page","link":"https:\/\/www.helpnet24.pl\/nowa\/uslugi\/","title":{"rendered":"Us\u0142ugi"},"content":{"rendered":"<p>[vc_row el_class=&#8221;services-two-txt margin-top-less-42&#8243;][vc_column el_class=&#8221;row-flex&#8221;]        <div class=\"col-sm-6 col-xs-12\">\r\n            <div class=\"grey-box\">\r\n                <div class=\"grey-box-inside\">\r\n                <div class=\"grey-box-icon\"><i class=\"icon-stethoscope\"><\/i><\/div>\r\n                <div class=\"grey-box-text\">\r\n                    <h4 class=\"grey-box-title\">Bezp\u0142atna ekspertyza<\/h4>\r\n                    <p>Zg\u0142o\u015b do nas problem ze swoim komputerem lub sieci\u0105 a otrzymasz bezp\u0142atn\u0105 wycen\u0119 naprawy.<\/p>\r\n                <\/div>\r\n            <\/div>\r\n            <\/div>\r\n        <\/div>\r\n \r\n                <div class=\"col-sm-6 col-xs-12\">\r\n            <div class=\"grey-box\">\r\n                <div class=\"grey-box-inside\">\r\n                <div class=\"grey-box-icon\"><i class=\"icon-wall-clock\"><\/i><\/div>\r\n                <div class=\"grey-box-text\">\r\n                    <h4 class=\"grey-box-title\">1 godzina \u2013 2 dni<\/h4>\r\n                    <p>Czas realizacji zg\u0142oszenia zale\u017cny od stopnia skomplikowania i dost\u0119pno\u015bci cz\u0119\u015bci zamiennych.<\/p>\r\n                <\/div>\r\n            <\/div>\r\n            <\/div>\r\n        <\/div>\r\n \r\n        [\/vc_column][\/vc_row][vc_row full_width=&#8221;stretch_row&#8221; css=&#8221;.vc_custom_1494412946586{margin-top: 20px !important;}&#8221;][vc_column][vc_column_text]<\/p>\n<h2 class=\"h-lg text-center\">Us\u0142ugi<span class=\"color\">Helpnet24<\/span><\/h2>\n<p class=\"info text-center\">Wszystkie us\u0142ugi z gwarancj\u0105 najwy\u017cszej jako\u015bci<\/p>\n<p>[\/vc_column_text][vc_column_text]<\/p>\n<p style=\"text-align: center;\">Najwa\u017cniejsze co otrzymuj\u0105 nasi klienci to \u015bwiadomo\u015b\u0107, \u017ce wystarczy jeden telefonu lub email aby otrzyma\u0107 fachow\u0105 pomoc. Rozwi\u0105zujemy wszelkiego rodzaju problemy zwi\u0105zane ze sprz\u0119tem komputerowym i potrzebami natury informatycznej. Po\u015bredniczymy tak\u017ce we wsp\u00f3\u0142pracy z zewn\u0119trznymi firmami \u015bwiadcz\u0105cymi wobec naszych klient\u00f3w us\u0142ugi informatyczne gwarantuj\u0105c sprawne rozwi\u0105zanie wszelkich problem\u00f3w. Oferujemy us\u0142ugi obs\u0142ugi informatycznej firm, us\u0142ugi sieciowe dla klient\u00f3w indywidualnych i firm. Obejmuj\u0105 one pomoc z utrzymaniem i rozwojem sieci komputerowych, instalacj\u0119 system\u00f3w i oprogramowania, konfiguracj\u0119 serwer\u00f3w i stacji komputerowych. Jeste\u015bmy do Pa\u0144stwa dyspozycji w siedzibie naszej firmy ale doje\u017cd\u017camy te\u017c bezpo\u015brednio do siedziby zleceniodawcy.<\/p>\n<p>[\/vc_column_text][\/vc_column][\/vc_row][vc_row][vc_column][vc_empty_space height=&#8221;30px&#8221;][\/vc_column][\/vc_row][vc_row full_width=&#8221;stretch_row&#8221; el_class=&#8221;services-list-img&#8221;][vc_column width=&#8221;1\/3&#8243;][vc_column_text]<\/p>\n<h3>Szybka i niezawodna obs\u0142uga<\/h3>\n<p>[\/vc_column_text]        <div class=\"\">\r\n            <div class=\"row-icon\">\r\n                <div class=\"row-icon-icon\"><i class=\"icon-signs\"><\/i><\/div>\r\n                <div class=\"row-icon-text\">\r\n                    1 rok gwarancji                <\/div>\r\n            <\/div>\r\n        <\/div>\r\n                <div class=\"\">\r\n            <div class=\"row-icon\">\r\n                <div class=\"row-icon-icon\"><i class=\"icon-same-day-delivery\"><\/i><\/div>\r\n                <div class=\"row-icon-text\">\r\n                    Naprawa w ten sam dzie\u0144                <\/div>\r\n            <\/div>\r\n        <\/div>\r\n                <div class=\"\">\r\n            <div class=\"row-icon\">\r\n                <div class=\"row-icon-icon\"><i class=\"icon-calendar\"><\/i><\/div>\r\n                <div class=\"row-icon-text\">\r\n                    Robocze weekendy                <\/div>\r\n            <\/div>\r\n        <\/div>\r\n                <div class=\"\">\r\n            <div class=\"row-icon\">\r\n                <div class=\"row-icon-icon\"><i class=\"icon-repair-1\"><\/i><\/div>\r\n                <div class=\"row-icon-text\">\r\n                    Szybka naprawa na miejscu                <\/div>\r\n            <\/div>\r\n        <\/div>\r\n        [vc_column_text css=&#8221;.vc_custom_1534461689624{padding-top: 15px !important;}&#8221;]<\/p>\n<div class=\"divider-lg visible-lg\"><\/div>\n<div class=\"phone-content\">\n<div class=\"phone-content-text\"><i>Potrzebna pomoc?<\/i><\/div>\n<div class=\"phone-content-number\"><i class=\"icon-phone-receiver\"><\/i>32 6000 100<\/div>\n<\/div>\n<p>[\/vc_column_text][\/vc_column][vc_column width=&#8221;2\/3&#8243;][vc_single_image image=&#8221;546&#8243; img_size=&#8221;full&#8221;][\/vc_column][\/vc_row][vc_row el_class=&#8221;block bottom-md&#8221;][vc_column]<div class=\"row text-icon-grid \">        <div class=\"text-icon-squared animation\" data-animation=\"fadeInUp\" data-animation-delay=\"0s\">\r\n        <div class=\"hover\"><\/div>\r\n        <div class=\"caption\">\r\n            <div class=\"icon-big\"><span class=\"icon  icon-notebook-and-mouse-cursor\"><\/span><\/div>\r\n           \r\n            <h5 class=\"title\">Naprawa laptop\u00f3w<\/h5>\r\n            <div class=\"text\">\r\n                <div>\r\n                    Masz problemy z laptopem? Nie przejmuj si\u0119! Nasi wykwalifikowani technicy sprawi\u0105, \u017ce b\u0119dzie dzia\u0142a\u0142 jak nowy.   \r\n                <\/div>\r\n                                <a href=\"http:\/\/www.helpnet24.pl\/nowa\/computer-services\/naprawa-laptopow\/\" class=\"read-more\">Wi\u0119cej<\/a>\r\n                             <\/div>\r\n        <\/div>\r\n    <\/div>\r\n                <div class=\"text-icon-squared animation\" data-animation=\"fadeInUp\" data-animation-delay=\"0s\">\r\n        <div class=\"hover\"><\/div>\r\n        <div class=\"caption\">\r\n            <div class=\"icon-big\"><span class=\"icon  icon-computer-with-monitor\"><\/span><\/div>\r\n           \r\n            <h5 class=\"title\">Naprawa komputer\u00f3w<\/h5>\r\n            <div class=\"text\">\r\n                <div>\r\n                    Tw\u00f3j komputer odmawia pos\u0142usze\u0144stwa. Z pewno\u015bci\u0105 jeste\u015bmy w stanie ci pom\u00f3c. Zaufaj do\u015bwiadczeniu firmy Helpnet24.   \r\n                <\/div>\r\n                                <a href=\"http:\/\/www.helpnet24.pl\/nowa\/computer-services\/naprawa-komputerow\/\" class=\"read-more\">Wi\u0119cej<\/a>\r\n                             <\/div>\r\n        <\/div>\r\n    <\/div>\r\n                <div class=\"text-icon-squared animation\" data-animation=\"fadeInUp\" data-animation-delay=\"0s\">\r\n        <div class=\"hover\"><\/div>\r\n        <div class=\"caption\">\r\n            <div class=\"icon-big\"><span class=\"icon  icon-manager\"><\/span><\/div>\r\n           \r\n            <h5 class=\"title\">Obs\u0142uga informatyczna firm<\/h5>\r\n            <div class=\"text\">\r\n                <div>\r\n                    Powierz nam \u015brodowisko informatyczne Twojej firmy, a wszelkie problemy z tym zwi\u0105zane rozwi\u0105\u017cemy szybko i skutecznie.   \r\n                <\/div>\r\n                                <a href=\"http:\/\/smartdata.tonytemplates.com\/computer-repair\/computer-services\/mac-repair\/\" class=\"read-more\">Wi\u0119cej<\/a>\r\n                             <\/div>\r\n        <\/div>\r\n    <\/div>\r\n                <div class=\"text-icon-squared animation\" data-animation=\"fadeInUp\" data-animation-delay=\"0s\">\r\n        <div class=\"hover\"><\/div>\r\n        <div class=\"caption\">\r\n            <div class=\"icon-big\"><span class=\"icon  icon-updated-security-for-protection-on-internet\"><\/span><\/div>\r\n           \r\n            <h5 class=\"title\">Kopie zapasowe i odzyskiwanie danych<\/h5>\r\n            <div class=\"text\">\r\n                <div>\r\n                    Pomo\u017cemy ci zabezpieczy\u0107 najwa\u017cniejsze dane oraz odzyska\u0107 te utracone.   \r\n                <\/div>\r\n                                <a href=\"http:\/\/www.helpnet24.pl\/nowa\/computer-services\/kopie-zapasowe-odzyskiwanie-danych\/\" class=\"read-more\">Wi\u0119cej<\/a>\r\n                             <\/div>\r\n        <\/div>\r\n    <\/div>\r\n                <div class=\"text-icon-squared animation\" data-animation=\"fadeInUp\" data-animation-delay=\"0s\">\r\n        <div class=\"hover\"><\/div>\r\n        <div class=\"caption\">\r\n            <div class=\"icon-big\"><span class=\"icon  icon-viruses\"><\/span><\/div>\r\n           \r\n            <h5 class=\"title\">Usuwanie wirus\u00f3w i z\u0142o\u015bliwego oprogramowania<\/h5>\r\n            <div class=\"text\">\r\n                <div>\r\n                    Dzi\u0119ki wieloletniemu do\u015bwiadczeniu jeste\u015bmy w stanie usun\u0105\u0107 z\u0142o\u015bliwe oprogramowanie twojego komputera bez uszkodzenia danych.   \r\n                <\/div>\r\n                                <a href=\"http:\/\/smartdata.tonytemplates.com\/computer-repair\/computer-services\/malware-virus-removal\/\" class=\"read-more\">Wi\u0119cej<\/a>\r\n                             <\/div>\r\n        <\/div>\r\n    <\/div>\r\n                <div class=\"text-icon-squared animation\" data-animation=\"fadeInUp\" data-animation-delay=\"0s\">\r\n        <div class=\"hover\"><\/div>\r\n        <div class=\"caption\">\r\n            <div class=\"icon-big\"><span class=\"icon  icon-software\"><\/span><\/div>\r\n           \r\n            <h5 class=\"title\">Instalacja oprogramowania<\/h5>\r\n            <div class=\"text\">\r\n                <div>\r\n                    Zdiagnozujemy twoje potrzeby i zastosujemy rozwi\u0105zania idealnie pasuj\u0105ce do nich. Zaufaj naszemu do\u015bwiadczeniu.   \r\n                <\/div>\r\n                                <a href=\"http:\/\/www.helpnet24.pl\/nowa\/computer-services\/instalacja-oprogramowania\/\" class=\"read-more\">Wi\u0119cej<\/a>\r\n                             <\/div>\r\n        <\/div>\r\n    <\/div>\r\n                <div class=\"text-icon-squared animation\" data-animation=\"fadeInUp\" data-animation-delay=\"0s\">\r\n        <div class=\"hover\"><\/div>\r\n        <div class=\"caption\">\r\n            <div class=\"icon-big\"><span class=\"icon  icon-videocard\"><\/span><\/div>\r\n           \r\n            <h5 class=\"title\">Aktualizacja sprz\u0119tu komputerowego<\/h5>\r\n            <div class=\"text\">\r\n                <div>\r\n                    Usprawnimy dzia\u0142anie twojego komputera wymieniaj\u0105c najs\u0142absze jego ogniwo. Zn\u00f3w b\u0119dzie jak nowy!   \r\n                <\/div>\r\n                                <a href=\"http:\/\/www.helpnet24.pl\/nowa\/computer-services\/aktualizacja-sprzetu-komputerowego\/\" class=\"read-more\">Wi\u0119cej<\/a>\r\n                             <\/div>\r\n        <\/div>\r\n    <\/div>\r\n                <div class=\"text-icon-squared animation\" data-animation=\"fadeInUp\" data-animation-delay=\"0s\">\r\n        <div class=\"hover\"><\/div>\r\n        <div class=\"caption\">\r\n            <div class=\"icon-big\"><span class=\"icon  icon-computer-fan\"><\/span><\/div>\r\n           \r\n            <h5 class=\"title\">Komputery na zam\u00f3wienie<\/h5>\r\n            <div class=\"text\">\r\n                <div>\r\n                    Je\u017celi potrzebujesz komputera do specjalnych zada\u0144 lub po prostu urz\u0105dzenia, kt\u00f3re idealnie dopasuje si\u0119 do twoich potrzeb zadzwo\u0144 do nas.   \r\n                <\/div>\r\n                                <a href=\"http:\/\/www.helpnet24.pl\/nowa\/computer-services\/komputery-na-zamowienie\/\" class=\"read-more\">Wi\u0119cej<\/a>\r\n                             <\/div>\r\n        <\/div>\r\n    <\/div>\r\n                <div class=\"text-icon-squared animation\" data-animation=\"fadeInUp\" data-animation-delay=\"0s\">\r\n        <div class=\"hover\"><\/div>\r\n        <div class=\"caption\">\r\n            <div class=\"icon-big\"><span class=\"icon  icon-data-network\"><\/span><\/div>\r\n           \r\n            <h5 class=\"title\">Sieci komputerowe i serwery<\/h5>\r\n            <div class=\"text\">\r\n                <div>\r\n                    Tworzymy, konfigurujemy i serwisujemy serwery i sieci komputerowe.   \r\n                <\/div>\r\n                                <a href=\"http:\/\/www.helpnet24.pl\/nowa\/computer-services\/sieci-komputerowe-serwery\/\" class=\"read-more\">Wi\u0119cej<\/a>\r\n                             <\/div>\r\n        <\/div>\r\n    <\/div>\r\n        <\/div>[\/vc_column][\/vc_row][vc_row full_width=&#8221;stretch_row&#8221; css=&#8221;.vc_custom_1517459432252{background-image: url(http:\/\/www.helpnet24.pl\/nowa\/wp-content\/uploads\/2017\/03\/block-bg-3.jpg?id=756) !important;background-position: center !important;background-repeat: no-repeat !important;background-size: cover !important;}&#8221; el_class=&#8221;background-fixed block bg-pdn74x60&#8243;][vc_column css=&#8221;.vc_custom_1517458611334{padding-top: 0px !important;}&#8221;][vc_column_text]<\/p>\n<h2 class=\"h-lg text-center\">Pomo\u017cemy <span class=\"color\">tak\u017ce<\/span><\/h2>\n<p>[\/vc_column_text][vc_row_inner][vc_column_inner width=&#8221;1\/3&#8243;][vc_column_text css_animation=&#8221;slideInLeft&#8221; css=&#8221;.vc_custom_1534486804039{margin-bottom: 0px !important;}&#8221;]<\/p>\n<ul class=\"marker-list\">\n<li>Problemy z uruchomieniem<\/li>\n<li>Zawieszanie si\u0119 komputera<\/li>\n<li>Brak obrazu na monitorze<\/li>\n<li>Niebieski ekran b\u0142\u0119du<\/li>\n<li>Linie na ekranie<\/li>\n<li>Wymiana podzespo\u0142\u00f3w<\/li>\n<\/ul>\n<p>[\/vc_column_text][\/vc_column_inner][vc_column_inner width=&#8221;1\/3&#8243;][vc_column_text css=&#8221;.vc_custom_1534486913490{margin-bottom: 0px !important;}&#8221;]<\/p>\n<ul class=\"marker-list\">\n<li>Optymalizacja sprz\u0119tu<\/li>\n<li>Odzyskiwanie hase\u0142<\/li>\n<li>Rozwi\u0105zywanie problem\u00f3w z oprogramowaniem<\/li>\n<li>Zalanie sprz\u0119tu<\/li>\n<li>Problem z dost\u0119pem do internetu<\/li>\n<li>Konserwacja sieci i sprz\u0119tu<\/li>\n<\/ul>\n<p>[\/vc_column_text][\/vc_column_inner][vc_column_inner width=&#8221;1\/3&#8243;][vc_column_text css_animation=&#8221;slideInRight&#8221; css=&#8221;.vc_custom_1534486985971{margin-bottom: 0px !important;}&#8221;]<\/p>\n<ul class=\"marker-list\">\n<li>Wymiana sprz\u0119tu<\/li>\n<li>Instalacja oprogramowania<\/li>\n<li>Instalacja systemu<\/li>\n<li>Konserwacja stanowisk komputerowych<\/li>\n<li>Wymiana podzespo\u0142\u00f3w w laptopach<\/li>\n<li>Problemy z sieci\u0105<\/li>\n<\/ul>\n<p>[\/vc_column_text][\/vc_column_inner][\/vc_row_inner][\/vc_column][\/vc_row][vc_row el_class=&#8221;services-2-txt services-popup block bottom-sm-1&#8243;][vc_column width=&#8221;1\/3&#8243; css=&#8221;.vc_custom_1517369337930{padding-top: 0px !important;}&#8221;][vc_column_text css=&#8221;.vc_custom_1534487134635{margin-bottom: 0px !important;}&#8221;]<\/p>\n<h3>Dla <span class=\"color\">klienta indywidualnego<\/span><\/h3>\n<ul class=\"service-list\">\n<li><a href=\"#\">Odzyskiwanie danych<\/a><\/li>\n<li><a href=\"#\">Dekstopy i laptopy<\/a><\/li>\n<li><a href=\"#\">Sieci bezprzewodowe<\/a><\/li>\n<li><a href=\"#\">Usuwanie wirus\u00f3w<\/a><\/li>\n<\/ul>\n<p>[\/vc_column_text][\/vc_column][vc_column width=&#8221;1\/3&#8243; css=&#8221;.vc_custom_1517369357404{padding-top: 0px !important;}&#8221;][vc_column_text css=&#8221;.vc_custom_1534487209477{margin-bottom: 0px !important;}&#8221;]<\/p>\n<div class=\"divider visible-xs\"><\/div>\n<h3>Dla<span class=\"color\">firm<\/span><\/h3>\n<ul class=\"service-list\">\n<li><a href=\"#\">Bezpiecze\u0144stwo danych<\/a><\/li>\n<li><a href=\"#\">Outosourcing IT<\/a><\/li>\n<li><a href=\"#\">Konfiguracja sieci i firewalla<\/a><\/li>\n<li><a href=\"#\">Konfiguracja serwera<\/a><\/li>\n<\/ul>\n<p>[\/vc_column_text][\/vc_column][vc_column width=&#8221;1\/3&#8243; css=&#8221;.vc_custom_1517369379093{padding-top: 0px !important;}&#8221;][vc_column_text css=&#8221;.vc_custom_1534487308827{margin-bottom: 0px !important;}&#8221;]<\/p>\n<div class=\"divider visible-xs\"><\/div>\n<h3>Wy\u015blij do nas zapytanie<\/h3>\n<p class=\"info\">Zaoszcz\u0119dzisz czas i pieni\u0105dze<\/p>\n<ul class=\"marker-list-md\">\n<li>Uzyskaj wycen\u0119 do\u015bwiadczonych specjalist\u00f3w<\/li>\n<li>Por\u00f3wnaj i wybierz najlepsz\u0105 ofert\u0119<\/li>\n<li>Darmowa wycena, bez zobowi\u0105za\u0144<\/li>\n<\/ul>\n<div class=\"divider\"><\/div>\n<p>[\/vc_column_text] \r\n\r\n        <div class=\"form-popup-wrap\">\r\n            <a class=\"btn form-popup-link \" href=\"#\"><span>Wy\u015blij zapytanie<\/span><\/a>\r\n            <div class=\"form-popup\">\r\n                <div class=\"form-popup-close\">\r\n                   <i class=\"icon-cancel\"><\/i>\r\n                <\/div>\r\n                <div class=\"quote-form\">\r\n                    <form  method=\"post\" novalidate=\"novalidate\">\r\n                        <div role=\"form\" class=\"wpcf7\" id=\"wpcf7-f452-o1\" lang=\"en-US\" dir=\"ltr\">\n<div class=\"screen-reader-response\"><p role=\"status\" aria-live=\"polite\" aria-atomic=\"true\"><\/p> <ul><\/ul><\/div>\n<form action=\"\/nowa\/wp-json\/wp\/v2\/pages\/51#wpcf7-f452-o1\" method=\"post\" class=\"wpcf7-form init\" novalidate=\"novalidate\" data-status=\"init\">\n<div style=\"display: none;\">\n<input type=\"hidden\" name=\"_wpcf7\" value=\"452\" \/>\n<input type=\"hidden\" name=\"_wpcf7_version\" value=\"5.5.4\" \/>\n<input type=\"hidden\" name=\"_wpcf7_locale\" value=\"en_US\" \/>\n<input type=\"hidden\" name=\"_wpcf7_unit_tag\" value=\"wpcf7-f452-o1\" \/>\n<input type=\"hidden\" name=\"_wpcf7_container_post\" value=\"0\" \/>\n<input type=\"hidden\" name=\"_wpcf7_posted_data_hash\" value=\"\" \/>\n<\/div>\n<div class=\"contact-form\">\n<div class=\"inputs-col\">\n<div class=\"row\">\n<div class=\"col-md-6\">\n<div class=\"input-wrapper\">\n                    <span class=\"wpcf7-form-control-wrap your-name\"><input type=\"text\" name=\"your-name\" value=\"\" size=\"40\" class=\"wpcf7-form-control wpcf7-text wpcf7-validates-as-required input-custom input-full\" aria-required=\"true\" aria-invalid=\"false\" placeholder=\"Imi\u0119\" \/><\/span>\n                <\/div>\n<\/div>\n<div class=\"col-md-6\">\n<div class=\"input-wrapper\">\n                    <span class=\"wpcf7-form-control-wrap your-phone\"><input type=\"text\" name=\"your-phone\" value=\"\" size=\"40\" class=\"wpcf7-form-control wpcf7-text input-custom input-full\" aria-invalid=\"false\" placeholder=\"Telefon\" \/><\/span>\n                <\/div>\n<\/div>\n<\/div>\n<div class=\"input-wrapper\">\n            <span class=\"wpcf7-form-control-wrap your-email\"><input type=\"email\" name=\"your-email\" value=\"\" size=\"40\" class=\"wpcf7-form-control wpcf7-text wpcf7-email wpcf7-validates-as-required wpcf7-validates-as-email input-custom input-full\" aria-required=\"true\" aria-invalid=\"false\" placeholder=\"xxxx@xxxx.xxx\" \/><\/span>\n        <\/div>\n<\/div>\n<div>\n        <span class=\"wpcf7-form-control-wrap your-message\"><textarea name=\"your-message\" cols=\"40\" rows=\"10\" class=\"wpcf7-form-control wpcf7-textarea textarea-custom input-full\" aria-invalid=\"false\" placeholder=\"Opis zg\u0142oszenia\"><\/textarea><\/span>\n    <\/div>\n<p>    <input type=\"submit\" value=\"Zapytaj o wycen\u0119\" class=\"wpcf7-form-control has-spinner wpcf7-submit btn btn-border\" id=\"contact\" \/>\n<\/p><\/div>\n<p style=\"display: none !important;\"><label>&#916;<textarea name=\"_wpcf7_ak_hp_textarea\" cols=\"45\" rows=\"8\" maxlength=\"100\"><\/textarea><\/label><input type=\"hidden\" id=\"ak_js_1\" name=\"_wpcf7_ak_js\" value=\"223\"\/><script>document.getElementById( \"ak_js_1\" ).setAttribute( \"value\", ( new Date() ).getTime() );<\/script><\/p><div class=\"wpcf7-response-output\" aria-hidden=\"true\"><\/div><\/form><\/div>                    <\/form>\r\n                <\/div>\r\n            <\/div>\r\n        <\/div>\r\n\r\n        [\/vc_column][\/vc_row][vc_row el_class=&#8221;block bg-dark pad-sm about-2-txt btn-reapair-txt&#8221; css=&#8221;.vc_custom_1517460208696{background-color: #444444 !important;}&#8221;][vc_column el_class=&#8221;container text-center&#8221; css=&#8221;.vc_custom_1517460186749{padding-top: 0px !important;}&#8221;][vc_column_text css=&#8221;.vc_custom_1534487411696{margin-bottom: 0px !important;}&#8221;]<\/p>\n<h2 style=\"text-align: center;\">Uzyskanie pomocy jest takie proste<\/h2>\n<p class=\"info\" style=\"text-align: center;\">Masz pytanie? Zadzwo\u0144 do nas a przygotujemy wycen\u0119 i szybko rozwi\u0105\u017cemy tw\u00f3j problem<\/p>\n<p>[\/vc_column_text]        <a class=\"btn form-popup-link modal-popup-link btn-white wide\" href=\"#modalForm1\"><span>Zam\u00f3w pomoc techniczn\u0105<\/span><\/a>\r\n        [\/vc_column][\/vc_row][vc_row][vc_column css=&#8221;.vc_custom_1517461126816{padding-top: 0px !important;}&#8221;][vc_column_text]<\/p>\n<div class=\"text-center\">\n<h2>Serwisowane <span class=\"color\">Marki<\/span><\/h2>\n<p class=\"info\">Serwisujemy wszystkie najpopularniejsze marki komputerowe<\/p>\n<\/div>\n<p>[\/vc_column_text][\/vc_column][\/vc_row][vc_row][vc_column]<div class=\"brand-carousel\">       \r\n            <a href=\"\">\r\n            <img src=\"https:\/\/www.helpnet24.pl\/nowa\/wp-content\/uploads\/2017\/03\/img-brand-1.png\" alt=\"\">\r\n            <\/a>\r\n\r\n          \r\n               \r\n            <a href=\"\">\r\n            <img src=\"https:\/\/www.helpnet24.pl\/nowa\/wp-content\/uploads\/2017\/03\/img-brand-2.png\" alt=\"\">\r\n            <\/a>\r\n\r\n          \r\n               \r\n            <a href=\"\">\r\n            <img src=\"https:\/\/www.helpnet24.pl\/nowa\/wp-content\/uploads\/2017\/03\/img-brand-3.png\" alt=\"\">\r\n            <\/a>\r\n\r\n          \r\n               \r\n            <a href=\"\">\r\n            <img src=\"https:\/\/www.helpnet24.pl\/nowa\/wp-content\/uploads\/2017\/03\/img-brand-4.png\" alt=\"\">\r\n            <\/a>\r\n\r\n          \r\n               \r\n            <a href=\"\">\r\n            <img src=\"https:\/\/www.helpnet24.pl\/nowa\/wp-content\/uploads\/2017\/03\/img-brand-5.png\" alt=\"\">\r\n            <\/a>\r\n\r\n          \r\n               \r\n            <a href=\"\">\r\n            <img src=\"https:\/\/www.helpnet24.pl\/nowa\/wp-content\/uploads\/2017\/03\/img-brand-6.png\" alt=\"\">\r\n            <\/a>\r\n\r\n          \r\n               \r\n            <a href=\"\">\r\n            <img src=\"https:\/\/www.helpnet24.pl\/nowa\/wp-content\/uploads\/2017\/03\/img-brand-7.png\" alt=\"\">\r\n            <\/a>\r\n\r\n          \r\n               \r\n            <a href=\"\">\r\n            <img src=\"https:\/\/www.helpnet24.pl\/nowa\/wp-content\/uploads\/2017\/03\/img-brand-8.png\" alt=\"\">\r\n            <\/a>\r\n\r\n          \r\n        <\/div>[\/vc_column][\/vc_row]<\/p>\n","protected":false},"excerpt":{"rendered":"<p>[vc_row el_class=&#8221;services-two-txt margin-top-less-42&#8243;][vc_column el_class=&#8221;row-flex&#8221;][\/vc_column][\/vc_row][vc_row full_width=&#8221;stretch_row&#8221; css=&#8221;.vc_custom_1494412946586{margin-top: 20px !important;}&#8221;][vc_column][vc_column_text] Us\u0142ugiHelpnet24 Wszystkie us\u0142ugi z gwarancj\u0105 najwy\u017cszej jako\u015bci [\/vc_column_text][vc_column_text] Najwa\u017cniejsze co otrzymuj\u0105 nasi klienci to \u015bwiadomo\u015b\u0107, \u017ce wystarczy jeden telefonu lub email aby otrzyma\u0107 fachow\u0105 pomoc. Rozwi\u0105zujemy wszelkiego rodzaju problemy zwi\u0105zane ze sprz\u0119tem komputerowym i potrzebami natury informatycznej. Po\u015bredniczymy tak\u017ce we wsp\u00f3\u0142pracy z zewn\u0119trznymi firmami \u015bwiadcz\u0105cymi wobec naszych [&hellip;]<\/p>\n","protected":false},"author":2,"featured_media":0,"parent":0,"menu_order":0,"comment_status":"closed","ping_status":"closed","template":"","meta":[],"_links":{"self":[{"href":"https:\/\/www.helpnet24.pl\/nowa\/wp-json\/wp\/v2\/pages\/51"}],"collection":[{"href":"https:\/\/www.helpnet24.pl\/nowa\/wp-json\/wp\/v2\/pages"}],"about":[{"href":"https:\/\/www.helpnet24.pl\/nowa\/wp-json\/wp\/v2\/types\/page"}],"author":[{"embeddable":true,"href":"https:\/\/www.helpnet24.pl\/nowa\/wp-json\/wp\/v2\/users\/2"}],"replies":[{"embeddable":true,"href":"https:\/\/www.helpnet24.pl\/nowa\/wp-json\/wp\/v2\/comments?post=51"}],"version-history":[{"count":18,"href":"https:\/\/www.helpnet24.pl\/nowa\/wp-json\/wp\/v2\/pages\/51\/revisions"}],"predecessor-version":[{"id":1355,"href":"https:\/\/www.helpnet24.pl\/nowa\/wp-json\/wp\/v2\/pages\/51\/revisions\/1355"}],"wp:attachment":[{"href":"https:\/\/www.helpnet24.pl\/nowa\/wp-json\/wp\/v2\/media?parent=51"}],"curies":[{"name":"wp","href":"https:\/\/api.w.org\/{rel}","templated":true}]}}